{"id":93,"date":"2025-03-12T10:21:48","date_gmt":"2025-03-12T09:21:48","guid":{"rendered":"https:\/\/mx5klub.cz\/?page_id=93"},"modified":"2025-03-12T13:21:43","modified_gmt":"2025-03-12T12:21:43","slug":"srazy-2004","status":"publish","type":"page","link":"https:\/\/mx5klub.cz\/index.php\/kalendar\/srazy-2004\/","title":{"rendered":"Srazy 2004"},"content":{"rendered":"\n<p>7. a\u017e 9. kv\u011btna<br>Karl\u0161tejn Tour \/ Otam\u00edr \u0160van\u011bk, Ji\u0159ina Kousalov\u00e1<\/p>\n\n\n\n<p>17. a\u017e 19. \u010dervna<br>Adriatic Tour \/ Libor Novotn\u00fd, Petr Faltys<\/p>\n\n\n\n<p>23. a\u017e 25. \u010dervence<br>Okolo Hradce \/ Luk\u00e1\u0161 Fiala, Michal Klempa,<br>\/ Ji\u017en\u00ed \u010cechy a Horn\u00ed Rakousy \/ Honza \u0160merda<\/p>\n\n\n\n<p>14. a\u017e 15. srpna<br>5. Internacionales Mazda MX-5 \/ Rakousk\u00fd klub MX-5 CSELLEY M\u00dcHLE \u2013 Oslip (A)<\/p>\n\n\n\n<p>21. srpna<br>Vysok\u00e9 M\u00fdto (premi\u00e9ra) &#8211; okruh \/ Petr Z\u00e1br\u0161<\/p>\n\n\n\n<p>24. a\u017e 26. z\u00e1\u0159\u00ed<br>Jesen\u00edky \/ Ji\u0159\u00ed L\u00e1\u0161a<\/p>\n\n\n\n<p>27. listopad<br>K\u00e1cov \u2013 p\u0159edv\u00e1no\u010dn\u00ed setk\u00e1n\u00ed \/ Otam\u00edr \u0160van\u011bk<\/p>\n","protected":false},"excerpt":{"rendered":"<p>7. a\u017e 9. kv\u011btnaKarl\u0161tejn Tour \/ Otam\u00edr \u0160van\u011bk, Ji\u0159ina Kousalov\u00e1 17. a\u017e 19. \u010dervnaAdriatic Tour \/ Libor Novotn\u00fd, Petr Faltys 23. a\u017e 25. \u010dervenceOkolo Hradce \/ Luk\u00e1\u0161 Fiala, Michal Klempa,\/ Ji\u017en\u00ed \u010cechy a Horn\u00ed Rakousy \/ Honza \u0160merda 14. a\u017e &hellip; <a href=\"https:\/\/mx5klub.cz\/index.php\/kalendar\/srazy-2004\/\">Cel\u00fd p\u0159\u00edsp\u011bvek <span class=\"meta-nav\">&rarr;<\/span><\/a><\/p>\n","protected":false},"author":2,"featured_media":0,"parent":2,"menu_order":45,"comment_status":"closed","ping_status":"closed","template":"","meta":{"footnotes":""},"class_list":["post-93","page","type-page","status-publish","hentry"],"_links":{"self":[{"href":"https:\/\/mx5klub.cz\/index.php\/wp-json\/wp\/v2\/pages\/93","targetHints":{"allow":["GET"]}}],"collection":[{"href":"https:\/\/mx5klub.cz\/index.php\/wp-json\/wp\/v2\/pages"}],"about":[{"href":"https:\/\/mx5klub.cz\/index.php\/wp-json\/wp\/v2\/types\/page"}],"author":[{"embeddable":true,"href":"https:\/\/mx5klub.cz\/index.php\/wp-json\/wp\/v2\/users\/2"}],"replies":[{"embeddable":true,"href":"https:\/\/mx5klub.cz\/index.php\/wp-json\/wp\/v2\/comments?post=93"}],"version-history":[{"count":1,"href":"https:\/\/mx5klub.cz\/index.php\/wp-json\/wp\/v2\/pages\/93\/revisions"}],"predecessor-version":[{"id":94,"href":"https:\/\/mx5klub.cz\/index.php\/wp-json\/wp\/v2\/pages\/93\/revisions\/94"}],"up":[{"embeddable":true,"href":"https:\/\/mx5klub.cz\/index.php\/wp-json\/wp\/v2\/pages\/2"}],"wp:attachment":[{"href":"https:\/\/mx5klub.cz\/index.php\/wp-json\/wp\/v2\/media?parent=93"}],"curies":[{"name":"wp","href":"https:\/\/api.w.org\/{rel}","templated":true}]}}