{"id":65,"date":"2025-03-12T10:07:34","date_gmt":"2025-03-12T09:07:34","guid":{"rendered":"https:\/\/mx5klub.cz\/?page_id=65"},"modified":"2025-03-12T13:21:03","modified_gmt":"2025-03-12T12:21:03","slug":"srazy-1999","status":"publish","type":"page","link":"https:\/\/mx5klub.cz\/index.php\/kalendar\/srazy-1999\/","title":{"rendered":"Srazy 1999"},"content":{"rendered":"\n<p>29. duben a\u017e 2. kv\u011bten<br>Ostrava &#8211; Beskydy \/ Ji\u0159\u00ed L\u00e1\u0161a<\/p>\n\n\n\n<p>17. a\u017e 19. z\u00e1\u0159\u00ed<br>Bad Mergentheim &#8211; N\u011bmecko \/ N\u011bmeck\u00fd klub MX-5 + Ji\u0159\u00ed L\u00e1\u0161a &#8211; Jahrtausendschlussfahrt (D)<\/p>\n","protected":false},"excerpt":{"rendered":"<p>29. duben a\u017e 2. kv\u011btenOstrava &#8211; Beskydy \/ Ji\u0159\u00ed L\u00e1\u0161a 17. a\u017e 19. z\u00e1\u0159\u00edBad Mergentheim &#8211; N\u011bmecko \/ N\u011bmeck\u00fd klub MX-5 + Ji\u0159\u00ed L\u00e1\u0161a &#8211; Jahrtausendschlussfahrt (D)<\/p>\n","protected":false},"author":2,"featured_media":0,"parent":2,"menu_order":50,"comment_status":"closed","ping_status":"closed","template":"","meta":{"footnotes":""},"class_list":["post-65","page","type-page","status-publish","hentry"],"_links":{"self":[{"href":"https:\/\/mx5klub.cz\/index.php\/wp-json\/wp\/v2\/pages\/65","targetHints":{"allow":["GET"]}}],"collection":[{"href":"https:\/\/mx5klub.cz\/index.php\/wp-json\/wp\/v2\/pages"}],"about":[{"href":"https:\/\/mx5klub.cz\/index.php\/wp-json\/wp\/v2\/types\/page"}],"author":[{"embeddable":true,"href":"https:\/\/mx5klub.cz\/index.php\/wp-json\/wp\/v2\/users\/2"}],"replies":[{"embeddable":true,"href":"https:\/\/mx5klub.cz\/index.php\/wp-json\/wp\/v2\/comments?post=65"}],"version-history":[{"count":1,"href":"https:\/\/mx5klub.cz\/index.php\/wp-json\/wp\/v2\/pages\/65\/revisions"}],"predecessor-version":[{"id":66,"href":"https:\/\/mx5klub.cz\/index.php\/wp-json\/wp\/v2\/pages\/65\/revisions\/66"}],"up":[{"embeddable":true,"href":"https:\/\/mx5klub.cz\/index.php\/wp-json\/wp\/v2\/pages\/2"}],"wp:attachment":[{"href":"https:\/\/mx5klub.cz\/index.php\/wp-json\/wp\/v2\/media?parent=65"}],"curies":[{"name":"wp","href":"https:\/\/api.w.org\/{rel}","templated":true}]}}