{"id":49,"date":"2025-03-02T08:19:29","date_gmt":"2025-03-02T07:19:29","guid":{"rendered":"https:\/\/mx5klub.cz\/?page_id=49"},"modified":"2026-01-12T04:25:44","modified_gmt":"2026-01-12T03:25:44","slug":"ze-sveta-mx-5","status":"publish","type":"page","link":"https:\/\/mx5klub.cz\/index.php\/ze-sveta-mx-5\/","title":{"rendered":"Ze sv\u011bta MX-5"},"content":{"rendered":"\n<figure class=\"wp-block-image size-full\"><img loading=\"lazy\" decoding=\"async\" width=\"960\" height=\"720\" src=\"https:\/\/mx5klub.cz\/wp-content\/uploads\/2025\/03\/15let.jpg\" alt=\"\" class=\"wp-image-50\" srcset=\"https:\/\/mx5klub.cz\/wp-content\/uploads\/2025\/03\/15let.jpg 960w, https:\/\/mx5klub.cz\/wp-content\/uploads\/2025\/03\/15let-300x225.jpg 300w, https:\/\/mx5klub.cz\/wp-content\/uploads\/2025\/03\/15let-768x576.jpg 768w, https:\/\/mx5klub.cz\/wp-content\/uploads\/2025\/03\/15let-400x300.jpg 400w\" sizes=\"auto, (max-width: 960px) 100vw, 960px\" \/><\/figure>\n\n\n\n<p><a href=\"https:\/\/www.garaz.cz\/clanek\/testy-ojeta-auta-mazda-mx-5-nc-nejlepsi-dostupny-roadster-21014752\">Mazda MX-5 NC nejlep\u0161\u00ed dostupn\u00fd roadster<\/a><br><a href=\"https:\/\/www.youtube.com\/watch?v=15e_RceR_Ng\">Mazda MX-5 Miata 2024 je ve sv\u00e9 nov\u00e9 \u00e9\u0159e: ND3<\/a><br><a href=\"https:\/\/www.japan-cars.cz\/2024\/03\/17\/mazda-mx-5-nova-generace-se-odklada-o-nekolik-let\/\">Mazda MX-5: nov\u00e1 generace se odkl\u00e1d\u00e1 o n\u011bkolik let<\/a><br><a href=\"https:\/\/www.youtube.com\/watch?v=xz92AizHbbo\">Mazda MX-5 2024 Kizuna special edition<\/a><br><a href=\"https:\/\/www.japan-cars.cz\/2023\/10\/06\/mazda-mx-5-facelift-pro-rok-2024\/\">Mazda MX-5: facelift pro rok 2024<\/a><br><a href=\"https:\/\/www.auto.cz\/mazda-mx-5-prosla-dalsi-modernizaci-nabidne-i-vyssi-vykon-150217\">Mazda MX-5 pro\u0161la dal\u0161\u00ed modernizac\u00ed, nab\u00eddne i vy\u0161\u0161\u00ed v\u00fdkon<\/a><br><a href=\"https:\/\/www.autorevue.cz\/nova-mazda-mx-5-dorazi-do-ceska-uz-za-par-dnu-uz-zname-jeji-ceny\">Nov\u00e1 Mazda MX-5 doraz\u00ed do \u010ceska u\u017e za p\u00e1r dn\u016f. U\u017e zn\u00e1me jej\u00ed ceny<\/a><br><a href=\"https:\/\/www.autosalon.tv\/novinky\/nova-auta\/mazda-uz-vyhlizi-leto-roadster-mx-5-dostane-pro-pristi-rok-nove-barvy-i-automat\">Mazda u\u017e vyhl\u00ed\u017e\u00ed l\u00e9to. Roadster MX-5 dostane pro p\u0159\u00ed\u0161t\u00ed rok nov\u00e9 barvy i automat<\/a><br><a href=\"https:\/\/www.stream.cz\/unikatni-auta\/letni-special-mazda-mx-5-64370808#dop_ab_variant=0&amp;dop_source_zone_name=sznhp.vidpbox&amp;source=hp&amp;seq_no=4&amp;utm_campaign=&amp;utm_medium=z-boxiku&amp;utm_source=www.seznam.cz\">Letn\u00ed speci\u00e1l Mazda MX-5<\/a><br><a href=\"https:\/\/www.autoweb.cz\/mazda-pripravila-specialni-edici-mx-5-ktera-vzdava-hold-28-let-stare-specialni-edici\/?utm_source=www.seznam.cz&amp;utm_medium=sekce-z-internetu\">Mazda p\u0159ipravila speci\u00e1ln\u00ed edici MX-5, kter\u00e1 odkazuje na 28 let starou speci\u00e1ln\u00ed edici<\/a><br><a href=\"https:\/\/www.30th-anniversarymiata.com\/\">2019 MAZDA MX-5 MIATA 30th Anniversary<\/a><br><a href=\"https:\/\/www.japan-cars.cz\/2019\/09\/17\/mazda-mx-5-svetovy-rekord-vlasenky\/?fbclid=IwAR1UrJS8Zm3YeAVC4q23E0qPvxNGLsSti3nxLDVoMXVCxylXJ8Zj1L06OJg\">Mazda MX-5 m\u00e1 sv\u011btov\u00fd rekord, kter\u00fd byste tak\u00e9 cht\u011bli<\/a><br><a href=\"http:\/\/www.autorevue.cz\/strecha-mazdy-mx-5-rf-je-dumyslna-jako-origami-overil-to-nas-prvni-test\" target=\"_blank\" rel=\"noreferrer noopener\">Mazda MX-5 RF test.[novinky.cz]<\/a><br><a href=\"http:\/\/www.novinky.cz\/auto\/398638-nejlepsim-autem-sveta-je-mazda-mx-5.html\" target=\"_blank\" rel=\"noreferrer noopener\">Nejlep\u0161\u00edm autem sv\u011bta je Mazda MX-5.[novinky.cz]<\/a><br><a href=\"http:\/\/www.auto.cz\/svetovym-autem-roku-je-mazda-mx-5-vyhlaseni-probehlo-v-new-yorku-93942\" target=\"_blank\" rel=\"noreferrer noopener\">Sv\u011btov\u00fdm autem roku je Mazda MX-5. Vyhl\u00e1\u0161en\u00ed prob\u011bhlo v New Yorku. [auto.cz]<\/a><br><a href=\"http:\/\/auto.idnes.cz\/mazda-mx-5-targa-skladaci-strecha-dak-\/ak_aktual.aspx?c=A160323_112741_ak_aktual_fdv\" target=\"_blank\" rel=\"noreferrer noopener\">Mazda MX-5 dostala st\u0159echu pro lenochy. Je z n\u00ed targa<\/a><br><a href=\"http:\/\/www.mazda.cz\/modely\/mazda-mx-5\/\" target=\"_blank\" rel=\"noreferrer noopener\">Nov\u00e1 Mazda MX-5 s technologi\u00ed SKYACTIV<\/a><br><a href=\"http:\/\/www.autorevue.cz\/auto-jako-investice-aneb-jak-si-koupit-hracku-a-neprodelat-na-tom\" target=\"_blank\" rel=\"noreferrer noopener\">Investov\u00e1n\u00ed do klasick\u00fdch aut a youngtimer\u016f<\/a><br><a href=\"http:\/\/carsroute.com\/top-15-most-beautiful-roads-in-the-world\/\" target=\"_blank\" rel=\"noreferrer noopener\">V\u00fdb\u011br 15 nejhez\u010d\u00edch silnic sv\u011bta<\/a><br><a href=\"http:\/\/www.auto-mania.cz\/bbr-gti-mazda-mx-5-turbo-270-koni-na-zadku\/\" target=\"_blank\" rel=\"noreferrer noopener\">Mazda MX-5 NC 270HP turbo<\/a><br><a href=\"http:\/\/www.miata.net\/faq\/wheel_weights.html\" target=\"_blank\" rel=\"noreferrer noopener\">P\u0159ehled origin\u00e1ln\u00edch r\u00e1fk\u016f MX-5 v\u010detn\u011b v\u00e1hy<\/a><br><a href=\"https:\/\/www.facebook.com\/photo.php?v=10151634980014520&amp;set=vb.337363685362&amp;type=2&amp;theater\/\" target=\"_blank\" rel=\"noreferrer noopener\">Nejrychlej\u0161\u00ed kabriolet? Mazda MX-5!<\/a><br><a href=\"http:\/\/www.auto.cz\/nova-mx-5-dostane-atmosfricky-skyactiv-alfa-spider-pleplnovane-tbi-74324\/\" target=\"_blank\" rel=\"noreferrer noopener\">Informace o nov\u00e9 MX-5 a Alfa Romeo<\/a><br><a href=\"http:\/\/www.autoweb.cz\/mazda-mx-5-nova-edice-v-prodeji\/\" target=\"_blank\" rel=\"noreferrer noopener\">Nov\u00e1 edice MX-5 v prodeji<\/a><br><a href=\"http:\/\/autofun.blesk.cz\/catfish-speedster-mazda-mx-5-10718\/\" target=\"_blank\" rel=\"noreferrer noopener\">Catfish Speedster: Mazda MX-5 trochu jinak<\/a><br><a href=\"http:\/\/www.autoweb.cz\/legendy-minulosti-mazda-mx-5\/\" target=\"_blank\" rel=\"noreferrer noopener\">Legendy minulosti &#8211; Mazda MX-5<\/a><br><a href=\"http:\/\/www.autoweb.cz\/facelift-pro-mazdu-mx-5\/\" target=\"_blank\" rel=\"noreferrer noopener\">Facelift pro MX-5<\/a><br><a href=\"http:\/\/autofun.blesk.cz\/mazda-mx-5-druhy-facelift-oficialne-10310\/\" target=\"_blank\" rel=\"noreferrer noopener\">Facelift pro MX-5 oficialn\u011b<\/a><br><a href=\"http:\/\/www.autoweb.cz\/v-goodwoodu-se-projede-koncept-mazdy-mx-5-gt\/\" target=\"_blank\" rel=\"noreferrer noopener\">Koncept MX-5 v Goodwoodu<\/a><br><a href=\"http:\/\/www.autoweb.cz\/mazda-a-fiat-postavi-dohromady-novy-roadster\/\" target=\"_blank\" rel=\"noreferrer noopener\">Nov\u00fd roadster postav\u00ed spole\u010dn\u011b Mazda a Fiat<\/a><br><a href=\"http:\/\/www.autoweb.cz\/chcete-zavodit-kupte-si-mazdu-mx5\/\" target=\"_blank\" rel=\"noreferrer noopener\">Chcete z\u00e1vodit, kupte si Mazdu MX-5<\/a><br><a href=\"http:\/\/autofun.blesk.cz\/sema-2011-mazda-mx-5-spyder-8762\/\" target=\"_blank\" rel=\"noreferrer noopener\">Sema 2011 Mazda MX-5 Spider<\/a><br><a href=\"http:\/\/autofun.blesk.cz\/frankfurt-2011-zive-mazda-mx-5-po-zavodnicku-8451\/\" target=\"_blank\" rel=\"noreferrer noopener\">Frankfurt 2011, Mazda MX-5 po z\u00e1vodnicku<\/a><br><a href=\"http:\/\/milujurizeni.cz\/2011\/07\/mazda-mx-5-gt-race-car-na-stovku-za-3-vteriny\/\" target=\"_blank\" rel=\"noreferrer noopener\">MX-5 Race car<\/a><br><a href=\"http:\/\/www.mx-5klub.cz\/sites\/default\/files\/mx5gt.pdf\" target=\"_blank\" rel=\"noreferrer noopener\">MX-5GT oficialn\u00ed let\u00e1k<\/a><br><a href=\"http:\/\/www.autoweb.cz\/mazda-odhaluje-novy-wankel\/\" target=\"_blank\" rel=\"noreferrer noopener\">Mazda odhaluje nov\u00fd Wankel<\/a><br><a href=\"http:\/\/autofun.blesk.cz\/mazda-787b-se-vratila-do-le-mans-3x-video-7870\/\" target=\"_blank\" rel=\"noreferrer noopener\">Mazda 787b se vr\u00e1tila do Le Mans<\/a><br><a href=\"http:\/\/www.autoweb.cz\/mazda-nova-mx-5-musi-vazit-pod-800-kg\/\" target=\"_blank\" rel=\"noreferrer noopener\">Nov\u00e1 MX-5 mus\u00ed v\u00e1\u017eit pod 800 kg<\/a><br><a href=\"http:\/\/www.auto.cz\/mille-miglia-2011-velka-fotogalerie-58719\" target=\"_blank\" rel=\"noreferrer noopener\">Mille Miglia 2011 fotogalerie<\/a><\/p>\n","protected":false},"excerpt":{"rendered":"<p>Mazda MX-5 NC nejlep\u0161\u00ed dostupn\u00fd roadsterMazda MX-5 Miata 2024 je ve sv\u00e9 nov\u00e9 \u00e9\u0159e: ND3Mazda MX-5: nov\u00e1 generace se odkl\u00e1d\u00e1 o n\u011bkolik letMazda MX-5 2024 Kizuna special editionMazda MX-5: facelift pro rok 2024Mazda MX-5 pro\u0161la dal\u0161\u00ed modernizac\u00ed, nab\u00eddne i vy\u0161\u0161\u00ed &hellip; <a href=\"https:\/\/mx5klub.cz\/index.php\/ze-sveta-mx-5\/\">Cel\u00fd p\u0159\u00edsp\u011bvek <span class=\"meta-nav\">&rarr;<\/span><\/a><\/p>\n","protected":false},"author":2,"featured_media":0,"parent":0,"menu_order":25,"comment_status":"closed","ping_status":"closed","template":"","meta":{"footnotes":""},"class_list":["post-49","page","type-page","status-publish","hentry"],"_links":{"self":[{"href":"https:\/\/mx5klub.cz\/index.php\/wp-json\/wp\/v2\/pages\/49","targetHints":{"allow":["GET"]}}],"collection":[{"href":"https:\/\/mx5klub.cz\/index.php\/wp-json\/wp\/v2\/pages"}],"about":[{"href":"https:\/\/mx5klub.cz\/index.php\/wp-json\/wp\/v2\/types\/page"}],"author":[{"embeddable":true,"href":"https:\/\/mx5klub.cz\/index.php\/wp-json\/wp\/v2\/users\/2"}],"replies":[{"embeddable":true,"href":"https:\/\/mx5klub.cz\/index.php\/wp-json\/wp\/v2\/comments?post=49"}],"version-history":[{"count":4,"href":"https:\/\/mx5klub.cz\/index.php\/wp-json\/wp\/v2\/pages\/49\/revisions"}],"predecessor-version":[{"id":328,"href":"https:\/\/mx5klub.cz\/index.php\/wp-json\/wp\/v2\/pages\/49\/revisions\/328"}],"wp:attachment":[{"href":"https:\/\/mx5klub.cz\/index.php\/wp-json\/wp\/v2\/media?parent=49"}],"curies":[{"name":"wp","href":"https:\/\/api.w.org\/{rel}","templated":true}]}}