{"id":150,"date":"2025-03-12T11:24:02","date_gmt":"2025-03-12T10:24:02","guid":{"rendered":"https:\/\/mx5klub.cz\/?page_id=150"},"modified":"2025-03-12T13:23:13","modified_gmt":"2025-03-12T12:23:13","slug":"srazy-2016","status":"publish","type":"page","link":"https:\/\/mx5klub.cz\/index.php\/kalendar\/srazy-2016\/","title":{"rendered":"Srazy 2016"},"content":{"rendered":"\n<p><strong>SPOLE\u010cN\u00dd LEDNOV\u00dd OB\u011aD<\/strong><br>m\u00edsto: hotel FARMA, Slu\u017e\u00e1tky 25 ( u Pelh\u0159imova ), <a href=\"http:\/\/www.hotel-farma.cz\">www.hotel-farma.cz<\/a><br>term\u00edn: 23. ledna 2016, za\u010d\u00e1tek setk\u00e1n\u00ed: 11:30 hod. (salonek zaji\u0161t\u011bn od 11.00 hod.)<br>po\u0159adatel: Zde\u0148ka a Michal Klempovi<br>pozv\u00e1nka: <a href=\"https:\/\/mx5klub.cz\/wp-content\/uploads\/2025\/03\/2016_Lednovy_obed.pdf\">https:\/\/mx5klub.cz\/wp-content\/uploads\/2025\/03\/2016_Lednovy_obed.pdf<\/a><\/p>\n\n\n\n<p><strong>P\u0158EDJARN\u00cd SETK\u00c1N\u00cd<\/strong><br>m\u00edsto: hotel CRL\u00cdK, Tet\u010dice, <a href=\"http:\/\/www.crlik.cz\">www.crlik.cz<\/a><br>term\u00edn: 5.-6. b\u0159ezna 2016 (ze soboty na ned\u011bli), za\u010d\u00e1tek setk\u00e1n\u00ed: 15:00 hod.<br>po\u0159adatel: Zde\u0148ka a Michal Klempovi<br>pozv\u00e1nka: <a href=\"https:\/\/mx5klub.cz\/wp-content\/uploads\/2025\/03\/2016_Crlik.pdf\">https:\/\/mx5klub.cz\/wp-content\/uploads\/2025\/03\/2016_Crlik.pdf<\/a><\/p>\n\n\n\n<p><strong>PRVN\u00cd JARN\u00cd SRAZ &#8211; OLOMOUCKO<\/strong><br>m\u00edsto: Hotel Prach\u00e1rna, K\u0159elov <a href=\"http:\/\/www.hotel-pracharna.cz\">www.hotel-pracharna.cz<\/a><br>term\u00edn: 29.4.-1. kv\u011btna 2016<br>po\u0159adatel: Iva a Michal Hrom\u00e1dkovi<br>pozv\u00e1nka: <a href=\"https:\/\/mx5klub.cz\/wp-content\/uploads\/2025\/03\/2016_Olomoucko.pdf\">https:\/\/mx5klub.cz\/wp-content\/uploads\/2025\/03\/2016_Olomoucko.pdf<\/a><\/p>\n\n\n\n<p>ELIT MX-5 Cup 1.z\u00e1vod &#8211; . P\u00edsek 28. kv\u011btna 2016 (potvrzeno) info:<a href=\"http:\/\/elit.mx-5cup.cz\/\">http:\/\/elit.mx-5cup.cz\/<\/a><\/p>\n\n\n\n<p><strong>Zell am See<\/strong><br>m\u00edsto: penzion Milan, Zell am See, Rakousko<br>term\u00edn: 16.-19. \u010dervna 2016<br>po\u0159adatel: Jirka B\u00edl\u00fd a Milo\u0161 Nov\u00e1k<br>pozv\u00e1nka: <a href=\"https:\/\/mx5klub.cz\/wp-content\/uploads\/2025\/03\/2016_ZellAmSee.pdf\">https:\/\/mx5klub.cz\/wp-content\/uploads\/2025\/03\/2016_ZellAmSee.pdf<\/a><\/p>\n\n\n\n<p>ELIT MX-5 Cup 2.z\u00e1vod &#8211; . Vysok\u00e9 M\u00fdto 25. \u010dervna 2016 info:<a href=\"http:\/\/elit.mx-5cup.cz\/\">http:\/\/elit.mx-5cup.cz\/<\/a><\/p>\n\n\n\n<p>ELIT MX-5 Cup 3.z\u00e1vod &#8211; . P\u00edsek 23. \u010dervence 2016 info:<a href=\"http:\/\/elit.mx-5cup.cz\/\">http:\/\/elit.mx-5cup.cz\/<\/a><\/p>\n\n\n\n<p><strong>Moravsko-\u010desk\u00e1 Kanada 2016<\/strong><br>m\u00edsto: HOTEL NOBYS, Nov\u00e1 Byst\u0159ice <a href=\"http:\/\/www.hotelnobys.cz\/cz\/index.html\">http:\/\/www.hotelnobys.cz\/cz\/index.html<\/a><br>term\u00edn: 5.-7. srpna 2016<br>po\u0159adatel: Milan Kr\u00e1l<\/p>\n\n\n\n<p>ELIT MX-5 Cup 4.z\u00e1vod &#8211; . Vysok\u00e9 M\u00fdto 13. srpna 2016 info:<a href=\"http:\/\/elit.mx-5cup.cz\/\">http:\/\/elit.mx-5cup.cz\/<\/a><\/p>\n\n\n\n<p><strong>HUSA 2016<\/strong><br>m\u00edsto: Slovensky Grob<br>term\u00edn: 9.-11.9. z\u00e1\u0159\u00ed 2015<br>po\u0159adatel: Zde\u0148ka a Michal Klempovi<\/p>\n\n\n\n<p><strong>\u0158\u00edjen v okol\u00ed Brna, aneb n\u00e1hrada za v\u00edne\u010dko<\/strong><br>m\u00edsto: Kr\u010dma a hotel U c\u00edsa\u0159sk\u00e9 cesty v Bran\u00ed\u0161ovic\u00edch, <a href=\"http:\/\/www.ucisarskecesty.cz\">www.ucisarskecesty.cz<\/a><br>term\u00edn: 7.-9.10. 2016<br>po\u0159adatel: Zde\u0148ka a Michal Klempovi<br>pozv\u00e1nka: <a href=\"https:\/\/mx5klub.cz\/wp-content\/uploads\/2025\/03\/2016_Okoli_Brna.pdf\">https:\/\/mx5klub.cz\/wp-content\/uploads\/2025\/03\/2016_Okoli_Brna.pdf<\/a><\/p>\n\n\n\n<p><strong>Martinsk\u00e1 husa 2016<\/strong><br>m\u00edsto: Kr\u010dma a hotel U c\u00edsa\u0159sk\u00e9 cesty v Bran\u00ed\u0161ovic\u00edch, <a href=\"http:\/\/www.ucisarskecesty.cz\">www.ucisarskecesty.cz<\/a><br>term\u00edn: 12.-13.11. 2016<br>po\u0159adatel: Zde\u0148ka a Michal Klempovi<\/p>\n\n\n\n<p><strong>P\u0158EDV\u00c1NO\u010cN\u00cd SETK\u00c1N\u00cd<\/strong><br>m\u00edsto:hotel U Kata, Kutn\u00e1 Hora , <a href=\"http:\/\/www.ukata.cz\">www.ukata.cz<\/a><br>term\u00edn: 3.-4.12. 2016 (ze soboty na ned\u011bli), za\u010d\u00e1tek setk\u00e1n\u00ed: 15:30 hod.<br>po\u0159adatel: v\u00fdbor klubu<br>pozv\u00e1nka: <a href=\"https:\/\/mx5klub.cz\/wp-content\/uploads\/2025\/03\/2016_Kutna_Hora.pdf\">https:\/\/mx5klub.cz\/wp-content\/uploads\/2025\/03\/2016_Kutna_Hora.pdf<\/a><\/p>\n","protected":false},"excerpt":{"rendered":"<p>SPOLE\u010cN\u00dd LEDNOV\u00dd OB\u011aDm\u00edsto: hotel FARMA, Slu\u017e\u00e1tky 25 ( u Pelh\u0159imova ), www.hotel-farma.czterm\u00edn: 23. ledna 2016, za\u010d\u00e1tek setk\u00e1n\u00ed: 11:30 hod. (salonek zaji\u0161t\u011bn od 11.00 hod.)po\u0159adatel: Zde\u0148ka a Michal Klempovipozv\u00e1nka: https:\/\/mx5klub.cz\/wp-content\/uploads\/2025\/03\/2016_Lednovy_obed.pdf P\u0158EDJARN\u00cd SETK\u00c1N\u00cdm\u00edsto: hotel CRL\u00cdK, Tet\u010dice, www.crlik.czterm\u00edn: 5.-6. b\u0159ezna 2016 (ze soboty &hellip; <a href=\"https:\/\/mx5klub.cz\/index.php\/kalendar\/srazy-2016\/\">Cel\u00fd p\u0159\u00edsp\u011bvek <span class=\"meta-nav\">&rarr;<\/span><\/a><\/p>\n","protected":false},"author":2,"featured_media":0,"parent":2,"menu_order":33,"comment_status":"closed","ping_status":"closed","template":"","meta":{"footnotes":""},"class_list":["post-150","page","type-page","status-publish","hentry"],"_links":{"self":[{"href":"https:\/\/mx5klub.cz\/index.php\/wp-json\/wp\/v2\/pages\/150","targetHints":{"allow":["GET"]}}],"collection":[{"href":"https:\/\/mx5klub.cz\/index.php\/wp-json\/wp\/v2\/pages"}],"about":[{"href":"https:\/\/mx5klub.cz\/index.php\/wp-json\/wp\/v2\/types\/page"}],"author":[{"embeddable":true,"href":"https:\/\/mx5klub.cz\/index.php\/wp-json\/wp\/v2\/users\/2"}],"replies":[{"embeddable":true,"href":"https:\/\/mx5klub.cz\/index.php\/wp-json\/wp\/v2\/comments?post=150"}],"version-history":[{"count":1,"href":"https:\/\/mx5klub.cz\/index.php\/wp-json\/wp\/v2\/pages\/150\/revisions"}],"predecessor-version":[{"id":157,"href":"https:\/\/mx5klub.cz\/index.php\/wp-json\/wp\/v2\/pages\/150\/revisions\/157"}],"up":[{"embeddable":true,"href":"https:\/\/mx5klub.cz\/index.php\/wp-json\/wp\/v2\/pages\/2"}],"wp:attachment":[{"href":"https:\/\/mx5klub.cz\/index.php\/wp-json\/wp\/v2\/media?parent=150"}],"curies":[{"name":"wp","href":"https:\/\/api.w.org\/{rel}","templated":true}]}}

<p><strong>SPOLEČNÝ LEDNOVÝ OBĚD</strong><br>místo: hotel FARMA, Služátky 25 ( u Pelhřimova ), <a href="http://www.hotel-farma.cz">www.hotel-farma.cz</a><br>termín: 23. ledna 2016, začátek setkání: 11:30 hod. (salonek zajištěn od 11.00 hod.)<br>pořadatel: Zdeňka a Michal Klempovi<br>pozvánka: <a href="https://mx5klub.cz/wp-content/uploads/2025/03/2016_Lednovy_obed.pdf">https://mx5klub.cz/wp-content/uploads/2025/03/2016_Lednovy_obed.pdf</a></p>



<p><strong>PŘEDJARNÍ SETKÁNÍ</strong><br>místo: hotel CRLÍK, Tetčice, <a href="http://www.crlik.cz">www.crlik.cz</a><br>termín: 5.-6. března 2016 (ze soboty na neděli), začátek setkání: 15:00 hod.<br>pořadatel: Zdeňka a Michal Klempovi<br>pozvánka: <a href="https://mx5klub.cz/wp-content/uploads/2025/03/2016_Crlik.pdf">https://mx5klub.cz/wp-content/uploads/2025/03/2016_Crlik.pdf</a></p>



<p><strong>PRVNÍ JARNÍ SRAZ &#8211; OLOMOUCKO</strong><br>místo: Hotel Prachárna, Křelov <a href="http://www.hotel-pracharna.cz">www.hotel-pracharna.cz</a><br>termín: 29.4.-1. května 2016<br>pořadatel: Iva a Michal Hromádkovi<br>pozvánka: <a href="https://mx5klub.cz/wp-content/uploads/2025/03/2016_Olomoucko.pdf">https://mx5klub.cz/wp-content/uploads/2025/03/2016_Olomoucko.pdf</a></p>



<p>ELIT MX-5 Cup 1.závod &#8211; . Písek 28. května 2016 (potvrzeno) info:<a href="http://elit.mx-5cup.cz/">http://elit.mx-5cup.cz/</a></p>



<p><strong>Zell am See</strong><br>místo: penzion Milan, Zell am See, Rakousko<br>termín: 16.-19. června 2016<br>pořadatel: Jirka Bílý a Miloš Novák<br>pozvánka: <a href="https://mx5klub.cz/wp-content/uploads/2025/03/2016_ZellAmSee.pdf">https://mx5klub.cz/wp-content/uploads/2025/03/2016_ZellAmSee.pdf</a></p>



<p>ELIT MX-5 Cup 2.závod &#8211; . Vysoké Mýto 25. června 2016 info:<a href="http://elit.mx-5cup.cz/">http://elit.mx-5cup.cz/</a></p>



<p>ELIT MX-5 Cup 3.závod &#8211; . Písek 23. července 2016 info:<a href="http://elit.mx-5cup.cz/">http://elit.mx-5cup.cz/</a></p>



<p><strong>Moravsko-česká Kanada 2016</strong><br>místo: HOTEL NOBYS, Nová Bystřice <a href="http://www.hotelnobys.cz/cz/index.html">http://www.hotelnobys.cz/cz/index.html</a><br>termín: 5.-7. srpna 2016<br>pořadatel: Milan Král</p>



<p>ELIT MX-5 Cup 4.závod &#8211; . Vysoké Mýto 13. srpna 2016 info:<a href="http://elit.mx-5cup.cz/">http://elit.mx-5cup.cz/</a></p>



<p><strong>HUSA 2016</strong><br>místo: Slovensky Grob<br>termín: 9.-11.9. září 2015<br>pořadatel: Zdeňka a Michal Klempovi</p>



<p><strong>Říjen v okolí Brna, aneb náhrada za vínečko</strong><br>místo: Krčma a hotel U císařské cesty v Braníšovicích, <a href="http://www.ucisarskecesty.cz">www.ucisarskecesty.cz</a><br>termín: 7.-9.10. 2016<br>pořadatel: Zdeňka a Michal Klempovi<br>pozvánka: <a href="https://mx5klub.cz/wp-content/uploads/2025/03/2016_Okoli_Brna.pdf">https://mx5klub.cz/wp-content/uploads/2025/03/2016_Okoli_Brna.pdf</a></p>



<p><strong>Martinská husa 2016</strong><br>místo: Krčma a hotel U císařské cesty v Braníšovicích, <a href="http://www.ucisarskecesty.cz">www.ucisarskecesty.cz</a><br>termín: 12.-13.11. 2016<br>pořadatel: Zdeňka a Michal Klempovi</p>



<p><strong>PŘEDVÁNOČNÍ SETKÁNÍ</strong><br>místo:hotel U Kata, Kutná Hora , <a href="http://www.ukata.cz">www.ukata.cz</a><br>termín: 3.-4.12. 2016 (ze soboty na neděli), začátek setkání: 15:30 hod.<br>pořadatel: výbor klubu<br>pozvánka: <a href="https://mx5klub.cz/wp-content/uploads/2025/03/2016_Kutna_Hora.pdf">https://mx5klub.cz/wp-content/uploads/2025/03/2016_Kutna_Hora.pdf</a></p>

<p>SPOLEČNÝ LEDNOVÝ OBĚDmísto: hotel FARMA, Služátky 25 ( u Pelhřimova ), www.hotel-farma.cztermín: 23. ledna 2016, začátek setkání: 11:30 hod. (salonek zajištěn od 11.00 hod.)pořadatel: Zdeňka a Michal Klempovipozvánka: https://mx5klub.cz/wp-content/uploads/2025/03/2016_Lednovy_obed.pdf PŘEDJARNÍ SETKÁNÍmísto: hotel CRLÍK, Tetčice, www.crlik.cztermín: 5.-6. března 2016 (ze soboty &hellip; <a href="https://mx5klub.cz/index.php/kalendar/srazy-2016/">Celý příspěvek <span class="meta-nav">&rarr;</span></a></p>
