{"id":105,"date":"2025-03-12T10:31:18","date_gmt":"2025-03-12T09:31:18","guid":{"rendered":"https:\/\/mx5klub.cz\/?page_id=105"},"modified":"2025-03-13T09:28:29","modified_gmt":"2025-03-13T08:28:29","slug":"srazy-2009","status":"publish","type":"page","link":"https:\/\/mx5klub.cz\/index.php\/kalendar\/srazy-2009\/","title":{"rendered":"Srazy 2009"},"content":{"rendered":"\n<p>24. a 25. dubna 2009<br>Ko\u0159enov \/ zah\u00e1jen\u00ed sez\u00f3ny Renata a Jan Paroubkovi<br><a href=\"http:\/\/labez.rajce.idnes.cz\/Korenov_2009\/\">http:\/\/labez.rajce.idnes.cz\/Korenov_2009\/<\/a><\/p>\n\n\n\n<p>30. dubna a\u017e 3. kv\u011btna 2009<br>Okolo \u010cech II \/ Otam\u00edr \u0160van\u011bk + Paroubkovi<br><a href=\"http:\/\/labez.rajce.idnes.cz\/Okolo_Cech_II.\/\">http:\/\/labez.rajce.idnes.cz\/Okolo_Cech_II.\/<\/a><br><a href=\"http:\/\/mx5guy.rajce.idnes.cz\/MX5_-_Okolo_Cech_2009\/\">http:\/\/mx5guy.rajce.idnes.cz\/MX5_-_Okolo_Cech_2009\/<\/a><\/p>\n\n\n\n<p>14. a\u017e 17. kv\u011btna 2009<br>Chodsko \/ Hladovsk\u00fdch a \u0160tejrovi<br><a href=\"http:\/\/labez.rajce.idnes.cz\/Chodsko\/\">http:\/\/labez.rajce.idnes.cz\/Chodsko\/<\/a><br><a href=\"http:\/\/mx5guy.rajce.idnes.cz\/MX5_-_Chodsko_2009\/\">http:\/\/mx5guy.rajce.idnes.cz\/MX5_-_Chodsko_2009\/<\/a><br><br>13. a\u017e 20. \u010dervna 2009<br>Chorvatsko Ba\u0161ka Voda \/ Hladov\u0161t\u00ed + \u0160tejrovi<\/p>\n\n\n\n<p>24. a\u017e 26. \u010dervence 2009<br>Ko\u0159enov \u2013 Trosky \/ Renata a Jan Paroubkovi<\/p>\n\n\n\n<p>21. a\u017e 23. srpna 2009<br>Str\u00e1\u017enice \u2013 vinn\u00e9 sklepy Petrov \/ Radek Plh\u00e1k<br><a href=\"http:\/\/labez.rajce.idnes.cz\/Straznice_2009\/\">http:\/\/labez.rajce.idnes.cz\/Straznice_2009\/<\/a><\/p>\n\n\n\n<p>18. a\u017e 20. z\u00e1\u0159\u00ed 2009<br>D\u011b\u010d\u00edn a okol\u00ed \/ Eva a Radek Mejzl\u00edkovi<br><a href=\"http:\/\/mx5guy.rajce.idnes.cz\/MX5_-_Decin_2009_-_Naladovky_-\/\">http:\/\/mx5guy.rajce.idnes.cz\/MX5_-_Decin_2009_-_Naladovky_-\/<\/a><br><br>Ko\u0159enov<br><br>28. listopad 2009<br>K\u00e1cov \u2013 p\u0159edv\u00e1no\u010dn\u00ed setk\u00e1n\u00ed \/ Libor Novotn\u00fd<\/p>\n","protected":false},"excerpt":{"rendered":"<p>24. a 25. dubna 2009Ko\u0159enov \/ zah\u00e1jen\u00ed sez\u00f3ny Renata a Jan Paroubkovihttp:\/\/labez.rajce.idnes.cz\/Korenov_2009\/ 30. dubna a\u017e 3. kv\u011btna 2009Okolo \u010cech II \/ Otam\u00edr \u0160van\u011bk + Paroubkovihttp:\/\/labez.rajce.idnes.cz\/Okolo_Cech_II.\/http:\/\/mx5guy.rajce.idnes.cz\/MX5_-_Okolo_Cech_2009\/ 14. a\u017e 17. kv\u011btna 2009Chodsko \/ Hladovsk\u00fdch a \u0160tejrovihttp:\/\/labez.rajce.idnes.cz\/Chodsko\/http:\/\/mx5guy.rajce.idnes.cz\/MX5_-_Chodsko_2009\/ 13. a\u017e 20. \u010dervna 2009Chorvatsko Ba\u0161ka &hellip; <a href=\"https:\/\/mx5klub.cz\/index.php\/kalendar\/srazy-2009\/\">Cel\u00fd p\u0159\u00edsp\u011bvek <span class=\"meta-nav\">&rarr;<\/span><\/a><\/p>\n","protected":false},"author":2,"featured_media":0,"parent":2,"menu_order":40,"comment_status":"closed","ping_status":"closed","template":"","meta":{"footnotes":""},"class_list":["post-105","page","type-page","status-publish","hentry"],"_links":{"self":[{"href":"https:\/\/mx5klub.cz\/index.php\/wp-json\/wp\/v2\/pages\/105","targetHints":{"allow":["GET"]}}],"collection":[{"href":"https:\/\/mx5klub.cz\/index.php\/wp-json\/wp\/v2\/pages"}],"about":[{"href":"https:\/\/mx5klub.cz\/index.php\/wp-json\/wp\/v2\/types\/page"}],"author":[{"embeddable":true,"href":"https:\/\/mx5klub.cz\/index.php\/wp-json\/wp\/v2\/users\/2"}],"replies":[{"embeddable":true,"href":"https:\/\/mx5klub.cz\/index.php\/wp-json\/wp\/v2\/comments?post=105"}],"version-history":[{"count":4,"href":"https:\/\/mx5klub.cz\/index.php\/wp-json\/wp\/v2\/pages\/105\/revisions"}],"predecessor-version":[{"id":300,"href":"https:\/\/mx5klub.cz\/index.php\/wp-json\/wp\/v2\/pages\/105\/revisions\/300"}],"up":[{"embeddable":true,"href":"https:\/\/mx5klub.cz\/index.php\/wp-json\/wp\/v2\/pages\/2"}],"wp:attachment":[{"href":"https:\/\/mx5klub.cz\/index.php\/wp-json\/wp\/v2\/media?parent=105"}],"curies":[{"name":"wp","href":"https:\/\/api.w.org\/{rel}","templated":true}]}}