{"id":101,"date":"2025-03-12T10:28:21","date_gmt":"2025-03-12T09:28:21","guid":{"rendered":"https:\/\/mx5klub.cz\/?page_id=101"},"modified":"2025-03-13T09:15:20","modified_gmt":"2025-03-13T08:15:20","slug":"srazy-2007","status":"publish","type":"page","link":"https:\/\/mx5klub.cz\/index.php\/kalendar\/srazy-2007\/","title":{"rendered":"Srazy 2007"},"content":{"rendered":"\n<p>11. a\u017e 15. kv\u011btna<br>Z\u00e1padn\u00edm Slovenskem \/ Luk\u00e1\u0161 Fiala<br><a href=\"http:\/\/mx5guy.rajce.idnes.cz\/MX5_-_Slovensko_2007\/\">http:\/\/mx5guy.rajce.idnes.cz\/MX5_-_Slovensko_2007\/<\/a><\/p>\n\n\n\n<p>1. a\u017e 10. \u010dervna<br>Okolo \u0160v\u00e9dsk\u00fdch jezer \/ Franti\u0161ek Bouse<br><a href=\"http:\/\/labez.rajce.idnes.cz\/Okolo_svedskych_jezer\/\">http:\/\/labez.rajce.idnes.cz\/Okolo_svedskych_jezer\/<\/a><\/p>\n\n\n\n<p>8.6. Halmstad<br>svatba &#8211; Lenka a Luk\u00e1\u0161 Fialovi<br>svatba &#8211; Renata a Jan Paroubkovi<\/p>\n\n\n\n<p>22. a\u017e 24. \u010dervna<br>Ko\u0159enov &#8211; Harrachov \/ Renata a Jan Paroubkovi<\/p>\n\n\n\n<p>29. \u010dervna a\u017e 1.\u010dervence<br>Havl\u00ed\u010dk\u016fv Brod \/ Radek Kejkl\u00ed\u010dek<br><a href=\"http:\/\/mx5guy.rajce.idnes.cz\/MX5_-_Havlickuv_Brod_2007\/\">http:\/\/mx5guy.rajce.idnes.cz\/MX5_-_Havlickuv_Brod_2007\/<\/a><\/p>\n\n\n\n<p>20. a\u017e 22. \u010dervence<br>Ko\u0159enov \u2013 post svatebn\u00ed setk\u00e1n\u00ed \/ Renata a Jan Paroubkovi<\/p>\n\n\n\n<p>21. a\u017e 23. z\u00e1\u0159\u00ed<br>Karl\u0161tejn Tour \/ Otam\u00edr \u0160van\u011bk<br><a href=\"http:\/\/mx5guy.rajce.idnes.cz\/MX5_-_Karlstejn_2007\/\">http:\/\/mx5guy.rajce.idnes.cz\/MX5_-_Karlstejn_2007\/<\/a><\/p>\n\n\n\n<p>1. prosinec<br>K\u00e1cov \u2013 p\u0159edv\u00e1no\u010dn\u00ed setk\u00e1n\u00ed \/ Libor Novotn\u00fd<\/p>\n\n\n\n<p><br><\/p>\n","protected":false},"excerpt":{"rendered":"<p>11. a\u017e 15. kv\u011btnaZ\u00e1padn\u00edm Slovenskem \/ Luk\u00e1\u0161 Fialahttp:\/\/mx5guy.rajce.idnes.cz\/MX5_-_Slovensko_2007\/ 1. a\u017e 10. \u010dervnaOkolo \u0160v\u00e9dsk\u00fdch jezer \/ Franti\u0161ek Bousehttp:\/\/labez.rajce.idnes.cz\/Okolo_svedskych_jezer\/ 8.6. Halmstadsvatba &#8211; Lenka a Luk\u00e1\u0161 Fialovisvatba &#8211; Renata a Jan Paroubkovi 22. a\u017e 24. \u010dervnaKo\u0159enov &#8211; Harrachov \/ Renata a Jan Paroubkovi &hellip; <a href=\"https:\/\/mx5klub.cz\/index.php\/kalendar\/srazy-2007\/\">Cel\u00fd p\u0159\u00edsp\u011bvek <span class=\"meta-nav\">&rarr;<\/span><\/a><\/p>\n","protected":false},"author":2,"featured_media":0,"parent":2,"menu_order":42,"comment_status":"closed","ping_status":"closed","template":"","meta":{"footnotes":""},"class_list":["post-101","page","type-page","status-publish","hentry"],"_links":{"self":[{"href":"https:\/\/mx5klub.cz\/index.php\/wp-json\/wp\/v2\/pages\/101","targetHints":{"allow":["GET"]}}],"collection":[{"href":"https:\/\/mx5klub.cz\/index.php\/wp-json\/wp\/v2\/pages"}],"about":[{"href":"https:\/\/mx5klub.cz\/index.php\/wp-json\/wp\/v2\/types\/page"}],"author":[{"embeddable":true,"href":"https:\/\/mx5klub.cz\/index.php\/wp-json\/wp\/v2\/users\/2"}],"replies":[{"embeddable":true,"href":"https:\/\/mx5klub.cz\/index.php\/wp-json\/wp\/v2\/comments?post=101"}],"version-history":[{"count":3,"href":"https:\/\/mx5klub.cz\/index.php\/wp-json\/wp\/v2\/pages\/101\/revisions"}],"predecessor-version":[{"id":296,"href":"https:\/\/mx5klub.cz\/index.php\/wp-json\/wp\/v2\/pages\/101\/revisions\/296"}],"up":[{"embeddable":true,"href":"https:\/\/mx5klub.cz\/index.php\/wp-json\/wp\/v2\/pages\/2"}],"wp:attachment":[{"href":"https:\/\/mx5klub.cz\/index.php\/wp-json\/wp\/v2\/media?parent=101"}],"curies":[{"name":"wp","href":"https:\/\/api.w.org\/{rel}","templated":true}]}}